{"id":5593,"date":"2021-02-19T10:10:28","date_gmt":"2021-02-19T09:10:28","guid":{"rendered":"http:\/\/www.duaysaxon.ch\/?post_type=product&#038;p=5593"},"modified":"2026-02-18T09:24:23","modified_gmt":"2026-02-18T08:24:23","slug":"saucisse-noisettes","status":"publish","type":"product","link":"https:\/\/www.duaysaxon.ch\/?product=saucisse-noisettes","title":{"rendered":"Saucisse noisettes"},"content":{"rendered":"<p><a href=\"https:\/\/www.duaysaxon.ch\/wp-content\/uploads\/2021\/02\/Sauc.-noisettes.png\"><img fetchpriority=\"high\" decoding=\"async\" class=\"aligncenter size-full wp-image-5577\" src=\"https:\/\/www.duaysaxon.ch\/wp-content\/uploads\/2021\/02\/Sauc.-noisettes.png\" alt=\"\" width=\"605\" height=\"806\" srcset=\"https:\/\/www.duaysaxon.ch\/wp-content\/uploads\/2021\/02\/Sauc.-noisettes.png 605w, https:\/\/www.duaysaxon.ch\/wp-content\/uploads\/2021\/02\/Sauc.-noisettes-600x799.png 600w, https:\/\/www.duaysaxon.ch\/wp-content\/uploads\/2021\/02\/Sauc.-noisettes-225x300.png 225w\" sizes=\"(max-width: 605px) 100vw, 605px\" \/><\/a><\/p>\n","protected":false},"excerpt":{"rendered":"<p>Produit \u00e0 base de viande de porc, lard de dos. A consommer cru. Se conserve sans r\u00e9frig\u00e9ration. Elabor\u00e9 en Valais avec de la viande Suisse.<\/p>\n<p>Ingr\u00e9dients: sel nitrite, Dextrose (ma\u00efs), Antioxydant E300\/E301, poivres, ail, \u00e9pices (coriandre, cumin), glucose (ma\u00efs), Exhausteur de go\u00fbt E621, NOISETTES, Boyau de boeuf, farine de riz.<\/p>\n","protected":false},"featured_media":5577,"comment_status":"closed","ping_status":"closed","template":"","meta":{"jetpack_publicize_message":"","jetpack_publicize_feature_enabled":true,"jetpack_social_post_already_shared":true,"jetpack_social_options":{"image_generator_settings":{"template":"highway","default_image_id":0,"font":"","enabled":false},"version":2}},"product_brand":[],"product_cat":[111],"product_tag":[],"class_list":{"0":"post-5593","1":"product","2":"type-product","3":"status-publish","4":"has-post-thumbnail","6":"product_cat-salaisons","8":"first","9":"instock","10":"taxable","11":"shipping-taxable","12":"purchasable","13":"product-type-simple"},"jetpack_publicize_connections":[],"jetpack_sharing_enabled":true,"_links":{"self":[{"href":"https:\/\/www.duaysaxon.ch\/index.php?rest_route=\/wp\/v2\/product\/5593","targetHints":{"allow":["GET"]}}],"collection":[{"href":"https:\/\/www.duaysaxon.ch\/index.php?rest_route=\/wp\/v2\/product"}],"about":[{"href":"https:\/\/www.duaysaxon.ch\/index.php?rest_route=\/wp\/v2\/types\/product"}],"replies":[{"embeddable":true,"href":"https:\/\/www.duaysaxon.ch\/index.php?rest_route=%2Fwp%2Fv2%2Fcomments&post=5593"}],"wp:featuredmedia":[{"embeddable":true,"href":"https:\/\/www.duaysaxon.ch\/index.php?rest_route=\/wp\/v2\/media\/5577"}],"wp:attachment":[{"href":"https:\/\/www.duaysaxon.ch\/index.php?rest_route=%2Fwp%2Fv2%2Fmedia&parent=5593"}],"wp:term":[{"taxonomy":"product_brand","embeddable":true,"href":"https:\/\/www.duaysaxon.ch\/index.php?rest_route=%2Fwp%2Fv2%2Fproduct_brand&post=5593"},{"taxonomy":"product_cat","embeddable":true,"href":"https:\/\/www.duaysaxon.ch\/index.php?rest_route=%2Fwp%2Fv2%2Fproduct_cat&post=5593"},{"taxonomy":"product_tag","embeddable":true,"href":"https:\/\/www.duaysaxon.ch\/index.php?rest_route=%2Fwp%2Fv2%2Fproduct_tag&post=5593"}],"curies":[{"name":"wp","href":"https:\/\/api.w.org\/{rel}","templated":true}]}}