{"id":5591,"date":"2021-02-19T10:07:26","date_gmt":"2021-02-19T09:07:26","guid":{"rendered":"http:\/\/www.duaysaxon.ch\/?post_type=product&#038;p=5591"},"modified":"2026-05-03T14:57:18","modified_gmt":"2026-05-03T13:57:18","slug":"saucisse-noix","status":"publish","type":"product","link":"https:\/\/www.duaysaxon.ch\/?product=saucisse-noix","title":{"rendered":"Saucisse noix"},"content":{"rendered":"<p><a href=\"https:\/\/www.duaysaxon.ch\/wp-content\/uploads\/2021\/02\/Sauc.-noix.png\"><img fetchpriority=\"high\" decoding=\"async\" class=\"aligncenter size-full wp-image-5579\" src=\"https:\/\/www.duaysaxon.ch\/wp-content\/uploads\/2021\/02\/Sauc.-noix.png\" alt=\"\" width=\"605\" height=\"454\" srcset=\"https:\/\/www.duaysaxon.ch\/wp-content\/uploads\/2021\/02\/Sauc.-noix.png 605w, https:\/\/www.duaysaxon.ch\/wp-content\/uploads\/2021\/02\/Sauc.-noix-600x450.png 600w, https:\/\/www.duaysaxon.ch\/wp-content\/uploads\/2021\/02\/Sauc.-noix-300x225.png 300w\" sizes=\"(max-width: 605px) 100vw, 605px\" \/><\/a><\/p>\n","protected":false},"excerpt":{"rendered":"<p>Produit \u00e0 base de viande de porc, lard de dos. A consommer cru. Se conserve sans r\u00e9frig\u00e9ration. Elabor\u00e9 en Valais avec de la viande Suisse.<\/p>\n<p>Ingr\u00e9dients: sel nitrite, Dextrose (ma\u00efs), Antioxydant E300\/E301, poivres, ail, \u00e9pices (coriandre, cumin), glucose (ma\u00efs), Exhausteur de go\u00fbt E621, NOIX, Boyau de boeuf, farine de riz.<\/p>\n","protected":false},"featured_media":5579,"comment_status":"closed","ping_status":"closed","template":"","meta":{"jetpack_publicize_message":"","jetpack_publicize_feature_enabled":true,"jetpack_social_post_already_shared":true,"jetpack_social_options":{"image_generator_settings":{"template":"highway","default_image_id":0,"font":"","enabled":false},"version":2}},"product_brand":[],"product_cat":[111],"product_tag":[],"class_list":{"0":"post-5591","1":"product","2":"type-product","3":"status-publish","4":"has-post-thumbnail","6":"product_cat-salaisons","8":"first","9":"instock","10":"taxable","11":"shipping-taxable","12":"purchasable","13":"product-type-simple"},"jetpack_publicize_connections":[],"jetpack_sharing_enabled":true,"_links":{"self":[{"href":"https:\/\/www.duaysaxon.ch\/index.php?rest_route=\/wp\/v2\/product\/5591","targetHints":{"allow":["GET"]}}],"collection":[{"href":"https:\/\/www.duaysaxon.ch\/index.php?rest_route=\/wp\/v2\/product"}],"about":[{"href":"https:\/\/www.duaysaxon.ch\/index.php?rest_route=\/wp\/v2\/types\/product"}],"replies":[{"embeddable":true,"href":"https:\/\/www.duaysaxon.ch\/index.php?rest_route=%2Fwp%2Fv2%2Fcomments&post=5591"}],"wp:featuredmedia":[{"embeddable":true,"href":"https:\/\/www.duaysaxon.ch\/index.php?rest_route=\/wp\/v2\/media\/5579"}],"wp:attachment":[{"href":"https:\/\/www.duaysaxon.ch\/index.php?rest_route=%2Fwp%2Fv2%2Fmedia&parent=5591"}],"wp:term":[{"taxonomy":"product_brand","embeddable":true,"href":"https:\/\/www.duaysaxon.ch\/index.php?rest_route=%2Fwp%2Fv2%2Fproduct_brand&post=5591"},{"taxonomy":"product_cat","embeddable":true,"href":"https:\/\/www.duaysaxon.ch\/index.php?rest_route=%2Fwp%2Fv2%2Fproduct_cat&post=5591"},{"taxonomy":"product_tag","embeddable":true,"href":"https:\/\/www.duaysaxon.ch\/index.php?rest_route=%2Fwp%2Fv2%2Fproduct_tag&post=5591"}],"curies":[{"name":"wp","href":"https:\/\/api.w.org\/{rel}","templated":true}]}}