{"id":5459,"date":"2021-02-18T10:50:57","date_gmt":"2021-02-18T09:50:57","guid":{"rendered":"http:\/\/www.duaysaxon.ch\/?post_type=product&#038;p=5459"},"modified":"2026-01-29T08:50:38","modified_gmt":"2026-01-29T07:50:38","slug":"oranges-tarocco-mi-sanguine-1-kg-italie","status":"publish","type":"product","link":"https:\/\/www.duaysaxon.ch\/?product=oranges-tarocco-mi-sanguine-1-kg-italie","title":{"rendered":"Oranges sanguines Tarocco non trait\u00e9es apr\u00e8s la r\u00e9colte &#8211; 1 kg (Italie)"},"content":{"rendered":"<p><a href=\"https:\/\/www.duaysaxon.ch\/wp-content\/uploads\/2021\/02\/Oranges-Tarocco.jpg\"><img fetchpriority=\"high\" decoding=\"async\" class=\"aligncenter size-full wp-image-5445\" src=\"https:\/\/www.duaysaxon.ch\/wp-content\/uploads\/2021\/02\/Oranges-Tarocco.jpg\" alt=\"\" width=\"1200\" height=\"797\" srcset=\"https:\/\/www.duaysaxon.ch\/wp-content\/uploads\/2021\/02\/Oranges-Tarocco.jpg 1200w, https:\/\/www.duaysaxon.ch\/wp-content\/uploads\/2021\/02\/Oranges-Tarocco-600x399.jpg 600w, https:\/\/www.duaysaxon.ch\/wp-content\/uploads\/2021\/02\/Oranges-Tarocco-300x199.jpg 300w, https:\/\/www.duaysaxon.ch\/wp-content\/uploads\/2021\/02\/Oranges-Tarocco-1024x680.jpg 1024w, https:\/\/www.duaysaxon.ch\/wp-content\/uploads\/2021\/02\/Oranges-Tarocco-768x510.jpg 768w\" sizes=\"(max-width: 1200px) 100vw, 1200px\" \/><\/a><\/p>\n","protected":false},"excerpt":{"rendered":"","protected":false},"featured_media":5445,"comment_status":"closed","ping_status":"closed","template":"","meta":{"jetpack_post_was_ever_published":false,"jetpack_publicize_message":"","jetpack_publicize_feature_enabled":true,"jetpack_social_post_already_shared":true,"jetpack_social_options":{"image_generator_settings":{"template":"highway","default_image_id":0,"font":"","enabled":false},"version":2}},"product_brand":[],"product_cat":[27],"product_tag":[],"class_list":{"0":"post-5459","1":"product","2":"type-product","3":"status-publish","4":"has-post-thumbnail","6":"product_cat-fruits","8":"first","9":"instock","10":"taxable","11":"shipping-taxable","12":"purchasable","13":"product-type-simple"},"jetpack_publicize_connections":[],"jetpack_sharing_enabled":true,"_links":{"self":[{"href":"https:\/\/www.duaysaxon.ch\/index.php?rest_route=\/wp\/v2\/product\/5459","targetHints":{"allow":["GET"]}}],"collection":[{"href":"https:\/\/www.duaysaxon.ch\/index.php?rest_route=\/wp\/v2\/product"}],"about":[{"href":"https:\/\/www.duaysaxon.ch\/index.php?rest_route=\/wp\/v2\/types\/product"}],"replies":[{"embeddable":true,"href":"https:\/\/www.duaysaxon.ch\/index.php?rest_route=%2Fwp%2Fv2%2Fcomments&post=5459"}],"wp:featuredmedia":[{"embeddable":true,"href":"https:\/\/www.duaysaxon.ch\/index.php?rest_route=\/wp\/v2\/media\/5445"}],"wp:attachment":[{"href":"https:\/\/www.duaysaxon.ch\/index.php?rest_route=%2Fwp%2Fv2%2Fmedia&parent=5459"}],"wp:term":[{"taxonomy":"product_brand","embeddable":true,"href":"https:\/\/www.duaysaxon.ch\/index.php?rest_route=%2Fwp%2Fv2%2Fproduct_brand&post=5459"},{"taxonomy":"product_cat","embeddable":true,"href":"https:\/\/www.duaysaxon.ch\/index.php?rest_route=%2Fwp%2Fv2%2Fproduct_cat&post=5459"},{"taxonomy":"product_tag","embeddable":true,"href":"https:\/\/www.duaysaxon.ch\/index.php?rest_route=%2Fwp%2Fv2%2Fproduct_tag&post=5459"}],"curies":[{"name":"wp","href":"https:\/\/api.w.org\/{rel}","templated":true}]}}