{"id":27381,"date":"2022-10-06T09:20:39","date_gmt":"2022-10-06T08:20:39","guid":{"rendered":"https:\/\/www.duaysaxon.ch\/?post_type=product&#038;p=27381"},"modified":"2024-10-09T12:44:38","modified_gmt":"2024-10-09T11:44:38","slug":"legumes-coupes-en-des-env-430-gr-production-duay","status":"publish","type":"product","link":"https:\/\/www.duaysaxon.ch\/?product=legumes-coupes-en-des-env-430-gr-production-duay","title":{"rendered":"L\u00e9gumes coup\u00e9s en d\u00e9s &#8211; env. 520 gr (Production Duay\/Pays)"},"content":{"rendered":"<p><img decoding=\"async\" src=\"https:\/\/www.lacuisinedeva.com\/wp-content\/uploads\/2019\/07\/soupe_legumes_maison-1024x578.jpg\" alt=\"Soupe de l\u00e9gumes au boeuf\" \/><\/p>\n","protected":false},"excerpt":{"rendered":"","protected":false},"featured_media":0,"comment_status":"closed","ping_status":"closed","template":"","meta":{"jetpack_publicize_message":"","jetpack_publicize_feature_enabled":true,"jetpack_social_post_already_shared":true,"jetpack_social_options":{"image_generator_settings":{"template":"highway","default_image_id":0,"font":"","enabled":false},"version":2}},"product_brand":[],"product_cat":[28],"product_tag":[],"class_list":{"0":"post-27381","1":"product","2":"type-product","3":"status-publish","5":"product_cat-legumes","7":"first","8":"instock","9":"taxable","10":"shipping-taxable","11":"purchasable","12":"product-type-simple"},"jetpack_publicize_connections":[],"jetpack_sharing_enabled":true,"_links":{"self":[{"href":"https:\/\/www.duaysaxon.ch\/index.php?rest_route=\/wp\/v2\/product\/27381","targetHints":{"allow":["GET"]}}],"collection":[{"href":"https:\/\/www.duaysaxon.ch\/index.php?rest_route=\/wp\/v2\/product"}],"about":[{"href":"https:\/\/www.duaysaxon.ch\/index.php?rest_route=\/wp\/v2\/types\/product"}],"replies":[{"embeddable":true,"href":"https:\/\/www.duaysaxon.ch\/index.php?rest_route=%2Fwp%2Fv2%2Fcomments&post=27381"}],"wp:attachment":[{"href":"https:\/\/www.duaysaxon.ch\/index.php?rest_route=%2Fwp%2Fv2%2Fmedia&parent=27381"}],"wp:term":[{"taxonomy":"product_brand","embeddable":true,"href":"https:\/\/www.duaysaxon.ch\/index.php?rest_route=%2Fwp%2Fv2%2Fproduct_brand&post=27381"},{"taxonomy":"product_cat","embeddable":true,"href":"https:\/\/www.duaysaxon.ch\/index.php?rest_route=%2Fwp%2Fv2%2Fproduct_cat&post=27381"},{"taxonomy":"product_tag","embeddable":true,"href":"https:\/\/www.duaysaxon.ch\/index.php?rest_route=%2Fwp%2Fv2%2Fproduct_tag&post=27381"}],"curies":[{"name":"wp","href":"https:\/\/api.w.org\/{rel}","templated":true}]}}