{"id":178,"date":"2018-08-10T12:24:08","date_gmt":"2018-08-10T11:24:08","guid":{"rendered":"http:\/\/www.duaysaxon.ch\/?page_id=178"},"modified":"2026-04-30T07:49:08","modified_gmt":"2026-04-30T06:49:08","slug":"corbeilles-a-domicile","status":"publish","type":"page","link":"https:\/\/www.duaysaxon.ch\/?page_id=178","title":{"rendered":"Lieux et dates de livraison"},"content":{"rendered":"<div>\n<h1><strong>VALAIS <\/strong><\/h1>\n<h2>VERNAYAZ AU BOUVERET (r\u00e9gion de plaine)<\/h2>\n<h2><strong><span style=\"color: #339966;\">Livraison tous les mardis<\/span><\/strong><span style=\"font-family: Helvetica;\"><strong><span style=\"color: #339966;\"><span style=\"color: #ff0000;\"><br \/><\/span><\/span><\/strong><\/span><strong><em>D\u00e9lai de commande : le lundi 07h00 pr\u00e9c\u00e9dant la livraison.<\/em><\/strong><\/h2>\n<p style=\"font-weight: 400;\">Vernayaz, Dor\u00e9naz, Evionnaz, Saint-Maurice, Lavey, Monthey, Massongex, Collombey, Collombey-Muraz, Vionnaz, Vouvry, Le Bouveret et les villages aux alentours.<\/p>\n<\/div>\n<p>&nbsp;<\/p>\n<div>\n<h2>VALLEE D&rsquo;ILLIEZ<\/h2>\n<h2><strong><span style=\"color: #339966;\">Livraison le mardi 12.05.2026 <\/span><\/strong><span style=\"color: #339966;\"><span style=\"color: #ff0000;\">(Prochaine livraison le 26.05.2026)<br \/><\/span><\/span><strong><em>D\u00e9lai de commande : le lundi 07h00 pr\u00e9c\u00e9dant la livraison.<\/em><\/strong><\/h2>\n<p style=\"font-weight: 400;\">Troistorrents, Val d&rsquo;Illiez, Champery et les villages aux alentours.<\/p>\n<\/div>\n<p>&nbsp;<\/p>\n<h2>VAL D&rsquo;HERENS &#8211; VEYSONNAZ<\/h2>\n<h2><strong><span style=\"color: #339966;\">Livraison le jeudi 07.05.2026 <\/span><\/strong><span style=\"color: #339966;\"><span style=\"color: #ff0000;\">(Prochaine livraison le 21.05.2026)<\/span><\/span><span style=\"font-family: Helvetica;\"><span style=\"color: #339966;\"><span style=\"color: #ff0000;\"><br \/><\/span><\/span><\/span><em><strong>D\u00e9lai de commande : le lundi 07h00 pr\u00e9c\u00e9dant la livraison<\/strong><\/em><em><strong><br \/><\/strong><\/em><\/h2>\n<p style=\"font-weight: 400;\">Veysonnaz, Vex, Evol\u00e8ne, Les Haud\u00e8res, La Forclaz, Thyon, Les Collons et les villages aux alentours.<\/p>\n<h2>SAXON A SIERRE<\/h2>\n<h2 style=\"font-weight: 400;\"><span style=\"color: #339966;\"><strong>Livraison tous les jeudis\u00a0<\/strong><\/span><span style=\"font-family: Helvetica;\"><strong><span style=\"color: #339966;\"><span style=\"color: #ff0000;\"><br \/><\/span><\/span><\/strong><\/span><strong><em>D\u00e9lai de commande : le lundi 07h00 pr\u00e9c\u00e9dant la livraison<\/em><em><br \/><\/em><\/strong><\/h2>\n<p style=\"font-weight: 400;\">Saxon, Riddes, Saillon, Leytron, Chamoson, St-Pierre-de-Clages, Ardon, V\u00e9troz, Aproz, Conthey, Erde,\u00a0 Bramois, Sion, Champlan, Grimisuat, Savi\u00e8se, Ayent, Arbaz, Saint-L\u00e9onard, Uvrier, Gr\u00f4ne, Lens, Chalais, Chippis, R\u00e9chy, Sierre, Mi\u00e8ge, Veyras, Salgesch, Basse-Nendaz, Nendaz, Haute-Nendaz et les villages aux alentours.<\/p>\n<div>\n<h2>FULLY-CHARRAT AU VAL D&rsquo;ENTREMONT<\/h2>\n<h2 style=\"font-weight: 400;\"><span style=\"color: #339966;\"><strong>Livraison tous les jeudis\u00a0<\/strong><\/span><span style=\"font-family: Helvetica;\"><strong><span style=\"color: #339966;\"><span style=\"color: #ff0000;\"><br \/><\/span><\/span><\/strong><\/span><strong><em>D\u00e9lai de commande : le lundi 07h00 pr\u00e9c\u00e9dant la livraison<\/em><\/strong><\/h2>\n<p style=\"font-weight: 400;\">Fully, Charrat, Le Guercet, Martigny, Bovernier, Sembrancher, Les Valettes, Le Ch\u00e2ble, Bruson, Bagnes, Cries, Voll\u00e8ges, Levron, Verseg\u00e8res, Lourtier, Champsec, Verbier, Som-la-Proz, Reppaz, Praz-de-Fort, Orsi\u00e8res, Champex, La Douay et les villages aux alentours.<\/p>\n<h2>RAVOIRE-SALVAN-LES MARECOTTES<\/h2>\n<h2><strong><span style=\"color: #339966;\">Livraison selon les commandes et tourn\u00e9es de livraison<\/span><\/strong><span style=\"font-family: Helvetica;\"><strong><span style=\"color: #339966;\"><span style=\"color: #ff0000;\"><br \/><\/span><\/span><\/strong><\/span><strong><em>D\u00e9lai de commande : le lundi 0<\/em><\/strong><strong><em>7h00 pr\u00e9c\u00e9dant la livraison.<\/em><\/strong><\/h2>\n<p style=\"font-weight: 400;\">Ravoire, Salvan et Les Mar\u00e9cottes<\/p>\n<p><span style=\"color: #008000;\"><em><br \/>(Si votre village ne se trouve pas sur cette liste, merci de contacter S\u00e9bastien au 079 739 80 37)<\/em><\/span><\/p>\n<p><a href=\"https:\/\/www.duaysaxon.ch\/wp-content\/uploads\/2020\/09\/Tourn\u00e9e-1-2.png\"><img fetchpriority=\"high\" decoding=\"async\" class=\"wp-image-4015 alignleft\" src=\"https:\/\/www.duaysaxon.ch\/wp-content\/uploads\/2020\/09\/Tourn\u00e9e-1-2.png\" alt=\"\" width=\"284\" height=\"225\" srcset=\"https:\/\/www.duaysaxon.ch\/wp-content\/uploads\/2020\/09\/Tourn\u00e9e-1-2.png 847w, https:\/\/www.duaysaxon.ch\/wp-content\/uploads\/2020\/09\/Tourn\u00e9e-1-2-600x475.png 600w, https:\/\/www.duaysaxon.ch\/wp-content\/uploads\/2020\/09\/Tourn\u00e9e-1-2-300x238.png 300w, https:\/\/www.duaysaxon.ch\/wp-content\/uploads\/2020\/09\/Tourn\u00e9e-1-2-768x608.png 768w\" sizes=\"(max-width: 284px) 100vw, 284px\" \/><\/a><a href=\"https:\/\/www.duaysaxon.ch\/wp-content\/uploads\/2020\/09\/Tourn\u00e9e-3.png\"><img decoding=\"async\" class=\"wp-image-4016 alignleft\" src=\"https:\/\/www.duaysaxon.ch\/wp-content\/uploads\/2020\/09\/Tourn\u00e9e-3.png\" alt=\"\" width=\"201\" height=\"225\" srcset=\"https:\/\/www.duaysaxon.ch\/wp-content\/uploads\/2020\/09\/Tourn\u00e9e-3.png 496w, https:\/\/www.duaysaxon.ch\/wp-content\/uploads\/2020\/09\/Tourn\u00e9e-3-416x464.png 416w, https:\/\/www.duaysaxon.ch\/wp-content\/uploads\/2020\/09\/Tourn\u00e9e-3-269x300.png 269w\" sizes=\"(max-width: 201px) 100vw, 201px\" \/><\/a><a href=\"https:\/\/www.duaysaxon.ch\/wp-content\/uploads\/2020\/09\/Tourn\u00e9e-4-5.png\"><img decoding=\"async\" class=\"wp-image-4017 alignnone\" src=\"https:\/\/www.duaysaxon.ch\/wp-content\/uploads\/2020\/09\/Tourn\u00e9e-4-5.png\" alt=\"\" width=\"158\" height=\"235\" srcset=\"https:\/\/www.duaysaxon.ch\/wp-content\/uploads\/2020\/09\/Tourn\u00e9e-4-5.png 432w, https:\/\/www.duaysaxon.ch\/wp-content\/uploads\/2020\/09\/Tourn\u00e9e-4-5-416x618.png 416w, https:\/\/www.duaysaxon.ch\/wp-content\/uploads\/2020\/09\/Tourn\u00e9e-4-5-202x300.png 202w\" sizes=\"(max-width: 158px) 100vw, 158px\" \/><\/a><\/p>\n<ul>\n<li style=\"list-style-type: none;\">\u00a0<\/li>\n<\/ul>\n<\/div>\n<hr \/>\n<h1><strong>SUISSE ROMANDE<\/strong><\/h1>\n<div class=\"x_x_x-apple-transform-wrapper\">\n<h2>VAL DE RUZ<\/h2>\n<h2><span style=\"font-family: Helvetica;\"><strong><span style=\"color: #339966;\">Livraison le mardi 05.05.2026<\/span><\/strong><\/span><span style=\"font-family: Helvetica;\"><strong><span style=\"color: #339966;\"><span style=\"color: #ff0000;\"><br \/><\/span><\/span><\/strong><\/span><strong><span style=\"font-family: Helvetica;\">D\u00e9lai de commande : le lundi 07h00 pr\u00e9c\u00e9dant la livraison.<br \/><\/span><\/strong><strong><span style=\"font-family: Helvetica;\"><span style=\"color: #ff0000;\">Prochaine livraison : 19.05.2026<\/span><br \/><\/span><\/strong><\/h2>\n<p><span style=\"font-family: Helvetica;\">Val de Ruz, Haut-Geneveys, Fontainemelon, Cernier, Ch\u00e9zard, Ch\u00e9zard-St-Martin, Dombresson, Villiers, Le P\u00e2quier, Les Vieux-Pr\u00e9s, Savagnier, Saules, Engollon, Villars, Fenin, Boudevilliers, Valangin, Malvilliers, Geneveys-sur-Coffrane, Coffrane, Montmollin, Les Grattes, Rochefort, Chambrelien, B\u00f4le, Collombier, Boudry et les villages aux alentours.<\/span><\/p>\n<p>&nbsp;<\/p>\n<\/div>\n<h2>JURA<\/h2>\n<h2><span style=\"font-family: Helvetica;\"><strong><span style=\"color: #339966;\">Livraison le mardi 05.05.2026<\/span><\/strong><\/span><span style=\"font-family: Helvetica;\"><strong><span style=\"color: #339966;\"><span style=\"color: #ff0000;\"><br \/><\/span><\/span><\/strong><\/span><strong><span style=\"font-family: Helvetica;\"><span style=\"color: #339966;\"><span style=\"color: #000000;\">D\u00e9lai de commande : le lundi 07h00 pr\u00e9c\u00e9dant la livraison.<\/span><\/span><br \/><span style=\"color: #ff0000;\">Prochaine livraison : 19.05.2026<\/span><br \/><\/span><\/strong><\/h2>\n<p><span style=\"font-family: Helvetica;\">Tavannes, Reconvillier, Moutier, Belprahon, Courrendlin, Del\u00e9mont, Court\u00e9telle, Courfaivre, Bassecourt, Glovelier, Bo\u00e9court, Saint-Ursanne, Porrentruy, Courgenay, Fontenais, Cornol, Saint-Brais, Montfaucon, B\u00e9mont, Les pommerats, Saign\u00e9l\u00e9gier, Muriaux, Tramelan, Les Breuleux,, Le Peuchapatte, Le Noirmont, les Bois, La Ferri\u00e8re, Renan, Sonvilliers, Saint-Imier, La Chaux-de-Fonds, Neuch\u00e2tel, les Franches Montagnes et les villages aux alentours.<\/span><\/p>\n<p>&nbsp;<\/p>\n<h2>VALLEE DE JOUX \/ VAUD (de Aubonne \u00e0 Vevey)<\/h2>\n<h2><span style=\"font-family: Helvetica;\"><span style=\"color: #339966;\"><strong>Livraison le mardi 05.05.2026<\/strong><\/span><\/span><span style=\"font-family: Helvetica;\"><strong><span style=\"color: #339966;\"><span style=\"color: #ff0000;\"><br \/><\/span><\/span><\/strong><\/span><strong><span style=\"font-family: Helvetica;\">D\u00e9lai de commande : le lundi 07h00 pr\u00e9c\u00e9dant la livraison.<br \/><\/span><\/strong><span style=\"font-family: Helvetica; color: #339966;\"><span style=\"color: #ff0000;\">Prochaines livraisons: 19.05.2026<\/span><\/span><strong><span style=\"font-family: Helvetica;\"><br \/><\/span><\/strong><\/h2>\n<p><span style=\"font-family: Helvetica;\">Vaud (de Aubonne \u00e0 Vevey), Vall\u00e9e de Joux, Lignerolle, Les Cl\u00e9es, Ballaigues, Le Day, Orbe, Vallorbe, Le Pont, Les Charbonni\u00e8res, Le S\u00e9chey, Le Lieu, Le Solliat, La Golisse, Le Sentier, Le Chenit, Le Brassus, L&rsquo;Orient, Les Bioux, Aaron, Vers-chez-Grosjean, L&rsquo;Abbaye, La Praz, Moiry, Mont-la-ville, La Coudre, L&rsquo;Isle, Cuarnens, Mauraz, Montricher, Chavannes-le-Veyron, La Chaux, Cossonay, Penthalaz, Sullens, Boussens, Gimmel, Etagni\u00e8res et les villages aux alentours.<\/span><\/p>\n<p>&nbsp;<\/p>\n<div>\n<div>\n<h2>VAL DE TRAVERS<\/h2>\n<h2><span style=\"font-family: Helvetica;\"><span style=\"color: #339966;\"><strong>Livraison le mardi 12.05.2026<\/strong><\/span><\/span><span style=\"font-family: Helvetica;\"><strong><span style=\"color: #339966;\"><span style=\"color: #ff0000;\"><br \/><\/span><\/span><\/strong><\/span><strong><span style=\"font-family: Helvetica;\">D\u00e9lai de commande : le lundi 07h00 pr\u00e9c\u00e9dant la livraison.<br \/><span style=\"color: #339966;\"><span style=\"color: #ff0000;\">Prochaine livraison: 26.05.2026<\/span><\/span><br \/><\/span><\/strong><\/h2>\n<p><span style=\"font-family: Helvetica;\">Val de Travers, Sainte-Croix, La C\u00f4te-aux-f\u00e9es, Les Bourquins, Les Places, Mont-de-Buttes, Buttes, Fleurier, M\u00f4tiers, Couvet, Travers, Noiraigue, Brot-dessus, Brot-Plamboz, Les Petits-Ponts, Les Ponts-de-Martel, Les Verri\u00e8res, Les Bayards, Le Cernil, Les Sagnettes, La Br\u00e9vine, Le Brouillet, Les Taill\u00e8res, La Ch\u00e2tagne, Le Cachot, Le Cerneux-P\u00e9quignot, La Chaux-du-millieu, Le Locle, Les Brenets, Le Cr\u00eat-du-Locle, La Sagne, Le Cr\u00eat, Les Coeudres, Yverdon et les villages aux alentours.<\/span><\/p>\n<p>&nbsp;<\/p>\n<\/div>\n<h2>VAUD (de St-Triphon \u00e0 Villeneuve)<\/h2>\n<h2><strong><span style=\"color: #339966;\">Livraison tous les mardis\u00a0<\/span><\/strong><span style=\"font-family: Helvetica;\"><span style=\"color: #339966;\"><span style=\"color: #ff0000;\"><br \/><\/span><\/span><\/span><span style=\"font-family: Helvetica;\">D\u00e9lai de commande : le lundi 07h00 pr\u00e9c\u00e9dant la livraison<\/span><\/h2>\n<p><span style=\"font-family: Helvetica;\">Bex, St-Triphon, Villeneuve, Aigle<\/span><\/p>\n<p>&nbsp;<\/p>\n<div>\n<h2>FRIBOURG \/ VAUD (de Montreux \u00e0 Blonay)<\/h2>\n<h2><strong><span style=\"color: #339966;\">Livraison tous les mercredis<\/span><\/strong><span style=\"color: #339966;\"><br \/><\/span><span style=\"font-family: Helvetica;\">D\u00e9lai de commande : le lundi 07h00 pr\u00e9c\u00e9dant la livraison<\/span><\/h2>\n<p><span style=\"font-family: Helvetica;\">Montreux, Jongny, Saint-L\u00e9gier, Blonay, Les Paccots, Ch\u00e2tel-St-Denis, Remaufens, Tartroz, Attalens, Bossonnens, Granges, Pal\u00e9zieux, Besencens, Ursy, Porsel, Vauderens, Bouloz, Les Ecasseys, La Joux, Cr\u00eat-pr\u00e8s-Semsales, Verrerie, Semsales, Vaulruz, Vuisternens devant Romont, Villariaz, M\u00e9zi\u00e8res, Romont, Villars-Bramard, Granges-pr\u00e8s-Marnand, Ch\u00e2tonnaye, Villarsel, Villarimboud, Villaz St-Pierre, Orsonnens, Villorsonnens, Massonnens, Berlens, Neirigue, Grangettes-pr\u00e8s-Romont, Est\u00e9venens, Rueyres, S\u00e2les, Vuadens, Bulle, Tour de Tr\u00eame, Le Paquier, Le Paquier-Montbarry, Grandvillard, Enney, Albeuve, Broc, Charmey, Cr\u00e9suz, Botterens et les villages aux alentours.<br \/>Echarlens, Corbi\u00e8res, La Roche, Pont la ville, Treyvaux, Hauteville, Rossens, Magnedens, Arconciel, Ecuvillens, Farvagny, Matran, Morlon, Riaz, Gumefens et les villages aux alentours.\u00a0<br \/><\/span><\/p>\n<p><span style=\"font-family: Helvetica;\">Villars sur Gl\u00e2ne, Fribourg, Granges Paccots, Marly, Bourguillon, Marsens, Vuippens, Sorens, Avry devant Pont et les villages aux alentours.<\/span><\/p>\n<p><span style=\"font-family: Helvetica;\">Mex et les villages aux alentours.<\/span><\/p>\n<\/div>\n<\/div>\n\n\n<p><\/p>\n","protected":false},"excerpt":{"rendered":"<p>VALAIS VERNAYAZ AU BOUVERET (r\u00e9gion de plaine) Livraison tous les mardisD\u00e9lai de commande : le lundi 07h00 pr\u00e9c\u00e9dant la livraison. Vernayaz, Dor\u00e9naz, Evionnaz, Saint-Maurice, Lavey, Monthey, Massongex, Collombey, Collombey-Muraz, Vionnaz, Vouvry, Le Bouveret et les&hellip;<\/p>\n","protected":false},"author":1,"featured_media":0,"parent":0,"menu_order":10,"comment_status":"closed","ping_status":"closed","template":"","meta":{"jetpack_post_was_ever_published":false,"footnotes":""},"class_list":["post-178","page","type-page","status-publish","hentry"],"jetpack_sharing_enabled":true,"jetpack_shortlink":"https:\/\/wp.me\/PaMud3-2S","_links":{"self":[{"href":"https:\/\/www.duaysaxon.ch\/index.php?rest_route=\/wp\/v2\/pages\/178","targetHints":{"allow":["GET"]}}],"collection":[{"href":"https:\/\/www.duaysaxon.ch\/index.php?rest_route=\/wp\/v2\/pages"}],"about":[{"href":"https:\/\/www.duaysaxon.ch\/index.php?rest_route=\/wp\/v2\/types\/page"}],"author":[{"embeddable":true,"href":"https:\/\/www.duaysaxon.ch\/index.php?rest_route=\/wp\/v2\/users\/1"}],"replies":[{"embeddable":true,"href":"https:\/\/www.duaysaxon.ch\/index.php?rest_route=%2Fwp%2Fv2%2Fcomments&post=178"}],"version-history":[{"count":333,"href":"https:\/\/www.duaysaxon.ch\/index.php?rest_route=\/wp\/v2\/pages\/178\/revisions"}],"predecessor-version":[{"id":83885,"href":"https:\/\/www.duaysaxon.ch\/index.php?rest_route=\/wp\/v2\/pages\/178\/revisions\/83885"}],"wp:attachment":[{"href":"https:\/\/www.duaysaxon.ch\/index.php?rest_route=%2Fwp%2Fv2%2Fmedia&parent=178"}],"curies":[{"name":"wp","href":"https:\/\/api.w.org\/{rel}","templated":true}]}}